hat is the highest common divisor of y and r?
12
Suppose 87 = 5*h - 158. Let i = 48 + -81. Let p = h + i. What is the highest common divisor of 64 and p?
16
Suppose 0 = -9*l - 9*l + 3240. What is the highest common factor of l and 45?
45
Suppose 34 = 2*p - h, 0*p + 44 = 3*p - 5*h. Calculate the greatest common factor of p and 6.
6
Let j(c) = -65*c**2. Let n be j(1). Let v = n + 121. Calculate the greatest common divisor of v and 8.
8
Let g = -11 - -15. Let s = g + 95. Suppose -9 = -2*t + 4*r + 5, -2*r + 38 = 4*t. What is the highest common factor of s and t?
9
Let i be (30/(-50))/((-1)/(-5)). Let y = 5 - i. What is the highest common factor of y and 16?
8
Suppose r + 3*m + 26 = 2*r, r - 30 = 5*m. What is the greatest common factor of r and 220?
20
Suppose 3*y + 4*o - 31 = 3*o, -2*y = o - 21. Calculate the highest common factor of y and 30.
10
Let o = -44 + 62. What is the highest common divisor of 45 and o?
9
Let k(j) = 3*j**2 - j - 4. Let v be k(-3). Let c = -12 - -17. Suppose -f + 12 + 52 = c*w, -2*f + 68 = -2*w. Calculate the greatest common factor of f and v.
13
Let m = 89 + -54. What is the greatest common divisor of 5 and m?
5
Suppose -5*m + 19 = 3*w, -5*w + 4*m + 1 = -6. Suppose -w*z = -5*z + 162. Let g be 1*(-4)/((-12)/z). Calculate the highest common factor of g and 18.
9
Suppose 0 = -3*n + 10 + 44. Calculate the highest common divisor of n and 24.
6
Let s(u) = -4*u + 5. Let m be s(-4). Calculate the greatest common divisor of m and 14.
7
Let z be ((-24)/7)/(7 - 198/28). What is the highest common factor of 120 and z?
24
Let p = 30 - -19. Let c be 6/(-21) - 102/(-14). What is the highest common factor of p and c?
7
Let h be 22*-6*10/(-8). Let i(j) = 14*j**2 + 2*j - 1. Let n be i(1). What is the highest common divisor of h and n?
15
Suppose 43 = 3*z - 26. Let d = -599 + 843. Suppose -4*v + d = -308. Calculate the highest common factor of v and z.
23
Let q = 116 + -84. Calculate the greatest common divisor of 24 and q.
8
Suppose 3*n = 3*c - 123, n + 162 = 4*c - 2*n. Let f(x) = -5*x - 9. Let b be f(-7). Calculate the highest common divisor of b and c.
13
Let i(h) = -h**3 - 9*h**2 - 12*h + 4. Let l be i(-9). What is the greatest common factor of l and 14?
14
Let o = 40 - 34. Calculate the greatest common divisor of 4 and o.
2
Suppose d + 3*s = 15 + 4, 5*d + s - 123 = 0. Let o = 14 + 6. Let n = o - 15. Calculate the highest common divisor of d and n.
5
Suppose -15 = -q + 2*m, 2*m + 115 = 3*q + 2*q. What is the greatest common divisor of q and 100?
25
Let b be 2/(-6)*(-588)/4. Suppose 4*a + 52 = z, 6 = -2*a - 4. Suppose 0*i = -5*p + 3*i + 23, z = 4*p + i. Calculate the highest common factor of b and p.
7
Suppose -x - 131 = -4*x + i, 5*i = -2*x + 110. What is the highest common factor of x and 5?
5
Let g be (0 + -1)*12/(-3). Let j be ((-1)/(-1))/(g/252). Suppose -36 = k - 5*k. What is the greatest common factor of j and k?
9
Let t be (-96)/(-16) - (-4)/2. Calculate the greatest common factor of 32 and t.
8
Let h be (-2 - -1 - -10)/(-1). Let b be 142/6 - 3/h. What is the greatest common divisor of 8 and b?
8
Let h(l) = l + 4. Let x be h(0). What is the highest common factor of 10 and x?
2
Let x be 4 + 35 - (-1 - -1). Let f = 46 - 20. Calculate the highest common factor of f and x.
13
Suppose 0 = -0*m - 4*m - 8. Let c be 30/(m + 5 - 1). Calculate the highest common divisor of 6 and c.
3
Let f = 10 + 0. Let i = 40 + -24. Let l = i - f. Calculate the highest common divisor of l and 12.
6
Let r(a) = -2*a**2 - 20*a + 24. Let c be r(-10). Calculate the highest common factor of c and 18.
6
Let s be (-4)/(12/75)*-2. What is the highest common divisor of 20 and s?
10
Let v = 43 - 12. What is the greatest common factor of v and 341?
31
Suppose -4*n = -5*h + 2*h + 12, 2*h + 5*n = 31. Calculate the greatest common factor of 72 and h.
8
Let t = -46 - -64. Calculate the greatest common divisor of 12 and t.
6
Let p be 31 - (0 - 0/2). Let o = p - -29. Calculate the greatest common factor of o and 12.
12
Suppose -p = 5*f + 5 - 34, -p + 4 = 0. Let n be (-2)/10 + 46/f. Calculate the highest common divisor of 81 and n.
9
Let n(q) = q**2 - 3*q - 3. Let p be n(-2). Let r(l) = -l**2 - 17*l + 105. Let i be r(-21). What is the greatest common factor of i and p?
7
Let n = -102 + 146. What is the highest common factor of n and 22?
22
Suppose -i + 3*i - x - 147 = 0, -25 = -5*x. Let u be (-2)/(-2 + 6 + -2). Let t(y) = -20*y - 1. Let z be t(u). Calculate the greatest common factor of z and i.
19
Suppose 3*u + 8 = -4. Let n(z) = -10*z + 2. Let t be n(u). Let o = 27 - 21. What is the highest common factor of t and o?
6
Let x(c) = -1. Let q(z) = -4*z**2 - 5*z + 6. Let w(k) = -q(k) - 6*x(k). Let b be w(-4). Calculate the greatest common divisor of 11 and b.
11
Let h be (-2)/8 + 1/4. Suppose 0 = k - h - 7. Suppose 2*d - 28 = -2*d. Calculate the highest common factor of d and k.
7
Let z = -4 + 6. Suppose -2*x - o - z = 0, 7*x = 4*x - o - 1. Let f be (1/2)/(3/42). Calculate the highest common factor of f and x.
1
Let d(m) = -m**3 + 6*m**2 - 3*m - 5. Let g be d(5). Suppose 5*u - 5*c = 55, -g*u + 4*c + 4 + 50 = 0. Calculate the greatest common divisor of 70 and u.
10
Let u be ((-203)/(-14))/((-1)/(-2)). What is the greatest common divisor of 145 and u?
29
Let o(n) = -5*n - 3. Let k be o(-3). Let u(h) = -h - 1. Let y be u(7). Let r = y + 32. What is the greatest common divisor of k and r?
12
Suppose -40 + 12 = 4*k + 5*t, 0 = k + 2*t + 7. Let s be (k/(-2))/((-1)/(-12)). Let g = 15 - 9. What is the highest common factor of s and g?
6
Let i(b) = 2*b**2 + 4*b + 6. Let r be i(-8). What is the greatest common factor of 6 and r?
6
Suppose 1 + 8 = -j. Let a = 3 - j. What is the greatest common divisor of 72 and a?
12
Let j be (-4)/((-4)/(-3)) + 17. Calculate the highest common factor of 98 and j.
14
Let v(b) = -b + 1. Let l be v(-1). Suppose -15 - 9 = -l*g. Let j(x) = 5*x + 6. Let c be j(6). What is the greatest common factor of c and g?
12
Let o be -1*2/4*-30. Let y be ((-4)/(-8))/(3/360). What is the highest common divisor of y and o?
15
Suppose -362 = -5*j + 38. What is the highest common divisor of j and 20?
20
Let s be 3/(6/(-4))*-1. Suppose s*m - 3*m + 1 = 0. Let k = 8 + m. What is the greatest common factor of k and 81?
9
Let d = -52 - -67. Let i be 4868/36 + (-4)/18. What is the greatest common factor of i and d?
15
Let j be (0 - -7)*(1 + 0). Let y(m) = -3*m - 6. Let g be y(-5). Suppose 0 = -3*n + w - g + 29, 3*n = -w + 22. Calculate the greatest common factor of n and j.
7
Suppose 4*p = -5*f + 284, -2*p - 278 = -9*f + 4*f. Suppose h = -3*a + f, 25 + 21 = 2*a + 5*h. Calculate the highest common divisor of 6 and a.
6
Suppose -1 + 313 = 3*d. Calculate the highest common factor of 26 and d.
26
Suppose -3 = -3*d, -23 = -5*w + 4*d + 83. What is the highest common divisor of w and 11?
11
Suppose 7*f + 2 = 2*f + a, 3*a - 6 = 2*f. Suppose w + 70 = -3*l + 291, 3*l + 4*w - 209 = f. What is the greatest common divisor of l and 15?
15
Let l(i) = -i**2 + 11*i - 5. Let x be l(11). Let o = 6 + x. Let v be o/(-5) + 141/5. Calculate the greatest common factor of 42 and v.
14
Let i = 295 - 168. Let k = 699 + -207. Suppose 3*q + 2*u = 2*q + i, 4*u - k = -4*q. What is the highest common divisor of q and 17?
17
Suppose 3*j + 34 = 5*m + 4, -4*j = -m + 6. Let n = m - -12. What is the greatest common factor of 54 and n?
18
Let l(z) = z**3 + 8*z**2 + 12*z + 7. Let h be l(-6). Let j be (-4)/6 - 88/(-6). What is the greatest common factor of h and j?
7
Let n = 7 + 10. Suppose -2 + 27 = 5*f. Suppose -f*r + n = 7. Calculate the greatest common divisor of 1 and r.
1
Suppose 5*f - 10*f + 25 = 0. Suppose -3*d = -4*x + 51, -32 = -f*x + 3*d + 34. What is the highest common divisor of x and 5?
5
Let c = 16 - 9. Let o = c + -12. Let b be 308/20 + 2/o. Calculate the greatest common factor of 105 and b.
15
Suppose 0 = -4*g, w - 2*g + 4 = 9. Calculate the greatest common divisor of 35 and w.
5
Suppose 5*o = 0, 0*f - 4*f = -3*o - 180. Suppose -4*p + 57 = -4*k + 5, 3*k + 12 = 0. What is the greatest common factor of p and f?
9
Suppose -2*t = -4*b - 128, -5*t + 5*b + 338 = b. Suppose 3*f = 10 + 8. Suppose f = 2*z - 8. What is the highest common divisor of z and t?
7
Let a be (-4)/18 + 86/(-18). Let h = 11 + a. What is